{"id":22182,"date":"2026-02-18T22:28:42","date_gmt":"2026-02-18T22:28:42","guid":{"rendered":"https:\/\/la-z-boy-de.onyx-sites.io\/?page_id=22182"},"modified":"2026-02-18T22:30:00","modified_gmt":"2026-02-18T22:30:00","slug":"impressum","status":"publish","type":"page","link":"https:\/\/la-z-boy.de\/?page_id=22182","title":{"rendered":"Impressum"},"content":{"rendered":"\t\t<div data-elementor-type=\"wp-page\" data-elementor-id=\"22182\" class=\"elementor elementor-22182\" data-elementor-post-type=\"page\">\n\t\t\t\t<div class=\"elementor-element elementor-element-5b3fe69 e-flex e-con-boxed e-con e-parent\" data-id=\"5b3fe69\" data-element_type=\"container\" data-e-type=\"container\">\n\t\t\t\t\t<div class=\"e-con-inner\">\n\t\t\t\t<div class=\"elementor-element elementor-element-8ed10b0 elementor-widget elementor-widget-text-editor\" data-id=\"8ed10b0\" data-element_type=\"widget\" data-e-type=\"widget\" data-widget_type=\"text-editor.default\">\n\t\t\t\t<div class=\"elementor-widget-container\">\n\t\t\t\t\t\t\t\t\t<div class=\"container rich-text-centered\">\n<div class=\"row\">\n<div class=\"col-md-12\">\n<h2>Impressum<\/h2><div><u><br><\/u><\/div>\n<h5 class=\"wp-block-heading\"><strong>Betreiber der Website<\/strong><\/h5>\n<p>La-Z-Boy Incorporated&nbsp;<\/p>\n<p>One La-Z-Boy Drive,<\/p>\n<p>Monroe<\/p>\n<p>Michigan<\/p>\n<p>48162-5138<\/p>\n<p>USA<\/p>\n<p><strong>Kontakt<\/strong><\/p>\n<p>Tel: +44 (0)1628 513810<\/p>\n<p>E-Mail:&nbsp;<a href=\"mailto:lzbinternational.team@la-z-boy.com\">lzbinternational.team@la-z-boy.com<\/a><\/p>\n<p><strong>Unternehmensregistrierung<\/strong><\/p>\n<p>Firmennummer: 800092717<\/p>\n<h5 class=\"wp-block-heading\"><strong>Verantwortlich f\u00fcr den Inhalt<\/strong><\/h5>\n<p>Natasha Shillingford<\/p>\n<p>La-Z-Boy Incorporated&nbsp;<\/p>\n<p>One La-Z-Boy Drive,<\/p>\n<p>Monroe<\/p>\n<p>Michigan<\/p>\n<p>48162-5138<\/p>\n<p>USA<\/p>\n<p><strong>Kontakt<\/strong><\/p>\n<p>Tel: +44 (0)1628 513810<\/p>\n<p>E-Mail:&nbsp;<a href=\"mailto:lzbinternational.team@la-z-boy.com\">lzbinternational.team@la-z-boy.com<\/a><\/p>\n<h5 class=\"wp-block-heading\"><strong>Markenlizenzinhaber<\/strong><\/h5>\n<p>ADA Hung\u00e1ria B\u00fatorgy\u00e1r Kft.<\/p>\n<p>HU-9900 K\u00f6rmend<\/p>\n<p>R\u00e1k\u00f3czi \u00fat 154.<\/p>\n<p><strong>Kontakt:<\/strong><\/p>\n<p>Tel.: +36 94 590-100<\/p>\n<p>E-Mail:&nbsp;<a href=\"mailto:office.kormend@ada.at\">office.kormend@ada.at<\/a><\/p>\n<p><strong>Handelsregisternummer:<\/strong>&nbsp;18-09-101023<\/p>\n<p><strong>Handelsregistergericht:<\/strong>&nbsp;Handelsregistergericht des Landgerichts<br>Szombathely<\/p>\n<p><strong>Umsatzsteuernummer:<\/strong>&nbsp;HU11300476<\/p>\n<p><strong>Management:<\/strong><\/p>\n<ol class=\"wp-block-list\">\n<li>Szabo Ferenc<\/li>\n<li>Binder Franz<\/li>\n<\/ol>\n<p>und<\/p>\n<p>ADA fabrica de mobila srl<\/p>\n<p>RO-415500 Salonta<\/p>\n<p>Str. Iosif Vulcan 31<\/p>\n<p><strong>Kontakt:<\/strong><\/p>\n<p>Tel.: +40 259 408-600<\/p>\n<p>E-Mail:&nbsp;<a href=\"mailto:office.salonta@ada.at\">office.salonta@ada.at<\/a><\/p>\n<p><strong>Handelsregisternummer:<\/strong>&nbsp;J05\/2140\/2004<\/p>\n<p>Handelsregistergericht: Gericht Oradea<\/p>\n<p><strong>Umsatzsteuernummer:<\/strong>&nbsp;RO16957137<\/p>\n<p><strong>Management:<\/strong><\/p>\n<ol class=\"wp-block-list\">\n<li>Bagdi Andrea<\/li>\n<li>Szilard Solti<\/li>\n<\/ol>\n<h5 class=\"wp-block-heading\"><strong>Muttergesellschaft<\/strong><\/h5>\n<p>La-Z-Boy Incorporated&nbsp;<\/p>\n<p>One La-Z-Boy Drive,<\/p>\n<p>Monroe<\/p>\n<p>Michigan<\/p>\n<p>48162-5138<\/p>\n<p>USA<\/p>\n<\/div>\n<\/div>\n<\/div>\t\t\t\t\t\t\t\t<\/div>\n\t\t\t\t<\/div>\n\t\t\t\t\t<\/div>\n\t\t\t\t<\/div>\n\t\t\t\t<\/div>\n\t\t","protected":false},"excerpt":{"rendered":"<p>Impressum Betreiber der Website La-Z-Boy Incorporated&nbsp; One La-Z-Boy Drive, Monroe Michigan 48162-5138 USA Kontakt Tel: +44 (0)1628 513810 E-Mail:&nbsp;lzbinternational.team@la-z-boy.com Unternehmensregistrierung Firmennummer: 800092717 Verantwortlich f\u00fcr den Inhalt Natasha Shillingford La-Z-Boy Incorporated&nbsp; One La-Z-Boy Drive, Monroe Michigan 48162-5138 USA Kontakt Tel: +44 (0)1628 513810 E-Mail:&nbsp;lzbinternational.team@la-z-boy.com Markenlizenzinhaber ADA Hung\u00e1ria B\u00fatorgy\u00e1r Kft. HU-9900 K\u00f6rmend R\u00e1k\u00f3czi \u00fat 154. Kontakt: Tel.: [&hellip;]<\/p>\n","protected":false},"author":307,"featured_media":0,"parent":0,"menu_order":0,"comment_status":"closed","ping_status":"closed","template":"","meta":{"inline_featured_image":false,"footnotes":""},"class_list":["post-22182","page","type-page","status-publish","hentry"],"_links":{"self":[{"href":"https:\/\/la-z-boy.de\/index.php?rest_route=\/wp\/v2\/pages\/22182","targetHints":{"allow":["GET"]}}],"collection":[{"href":"https:\/\/la-z-boy.de\/index.php?rest_route=\/wp\/v2\/pages"}],"about":[{"href":"https:\/\/la-z-boy.de\/index.php?rest_route=\/wp\/v2\/types\/page"}],"author":[{"embeddable":true,"href":"https:\/\/la-z-boy.de\/index.php?rest_route=\/wp\/v2\/users\/307"}],"replies":[{"embeddable":true,"href":"https:\/\/la-z-boy.de\/index.php?rest_route=%2Fwp%2Fv2%2Fcomments&post=22182"}],"version-history":[{"count":4,"href":"https:\/\/la-z-boy.de\/index.php?rest_route=\/wp\/v2\/pages\/22182\/revisions"}],"predecessor-version":[{"id":22186,"href":"https:\/\/la-z-boy.de\/index.php?rest_route=\/wp\/v2\/pages\/22182\/revisions\/22186"}],"wp:attachment":[{"href":"https:\/\/la-z-boy.de\/index.php?rest_route=%2Fwp%2Fv2%2Fmedia&parent=22182"}],"curies":[{"name":"wp","href":"https:\/\/api.w.org\/{rel}","templated":true}]}}